 = m. What is the units digit of q?
7
Let c(p) be the first derivative of p**3 + p**2/2 + p + 4. What is the tens digit of c(2)?
1
Suppose -123 = 2*t + 4*u + 65, 0 = -3*t + 5*u - 304. Let i be (-5 - -4)/(2/t). Suppose -4*l - 2*s + 3*s = -29, 4*l - 5*s - i = 0. What is the units digit of l?
6
Suppose -129 = 4*q - 7*q. What is the tens digit of q?
4
Let t(g) = g**3 + g**2 - g + 1. Let d be t(-2). Let s be (1 + -18)/(1*d). Let p = s - 7. What is the tens digit of p?
1
Suppose -11 - 1 = -3*s. Let i = 6 + s. What is the tens digit of i?
1
Let o(q) be the second derivative of -q**5/20 + 3*q**4/4 - 11*q**3/6 + 5*q**2/2 - 9*q. What is the units digit of o(6)?
7
Let o(n) = n**2 - 8*n + 8. Let j be o(6). What is the units digit of -1*2*1*j?
8
Suppose 1 - 6 = -c. Suppose c*m = 5*t - 10, -t - 2 = -0*t - 3*m. Suppose -4*n + t = -16. What is the units digit of n?
5
Suppose -3*r = -r - 96. What is the units digit of r?
8
Suppose 0 = -3*i + 2*m + 3*m + 74, -m + 137 = 4*i. What is the tens digit of i?
3
Let i = -147 + 438. What is the units digit of i?
1
Suppose -i = -2*i + 4. Let k be 10/i*8/5. Suppose 0 = k*c - 0*c - 4. What is the units digit of c?
1
Let t(b) = -1 - 5 - 4*b + 2*b. Let a(f) = -f**2 - 7*f - 4. Let o be a(-7). What is the units digit of t(o)?
2
Suppose -2*g + 4*z = z - 122, -2*g + 126 = -4*z. Suppose -4*y = 11 - g. Suppose a + 0 - y = 0. What is the units digit of a?
1
Let v(a) = a**3 - 4*a**2 - 2*a - 1. Suppose -3*u + 6 = -5*u. Let j = u - -8. What is the units digit of v(j)?
4
What is the units digit of 4/6 - (-924)/18?
2
Suppose 0 = -g + 5, 4*a + 2*g - 442 - 44 = 0. What is the tens digit of a?
1
Let i be -7 - (2 + 0 - 2). Let k(n) = 3*n + 0 + n - 2 - 5*n. What is the units digit of k(i)?
5
Suppose -5*f - 456 = -f. Let j = f + 168. What is the units digit of j?
4
What is the units digit of (-3)/((-63)/5873) - (-1)/3?
0
Let o(l) = 62*l + 2. Let w be o(1). Let t = -32 + w. What is the tens digit of t?
3
Let t = -308 - -669. What is the hundreds digit of t?
3
Let s = -2 + 4. Let b be ((-3)/6)/((-1)/s). Suppose u + a - 1 = 0, 5*a = u - 0 - b. What is the units digit of u?
1
Let w(a) = 6*a + 31. What is the tens digit of w(6)?
6
Let y = 64 - -104. What is the hundreds digit of y?
1
Let r(f) = -f - 1 + 1. Let d be r(4). What is the tens digit of (35 + 0)*d/(-10)?
1
Let y(c) = 6*c**3 - 71*c**2 + 60*c - 25. Let o(d) = d**3 - 14*d**2 + 12*d - 5. Let b(j) = 11*o(j) - 2*y(j). What is the units digit of b(-13)?
8
Let i = 20 + -14. Let m be 9/(-2)*(-8)/i. Let r = 8 - m. What is the units digit of r?
2
Suppose -4*g + 28 = -4*w, 5*g - 41 = 2*g - 2*w. What is the units digit of g?
1
Let n(x) be the second derivative of 2*x**2 + 5/6*x**3 + 0 - 1/12*x**4 + 2*x. What is the units digit of n(3)?
0
Let c(a) = -a**3 - 2*a**2 - a. Let p be c(-2). Suppose 0 = p*y - 4*y + 82. What is the tens digit of y?
4
Let z(i) = 2*i**2 + 8*i + 5. Let h be z(-6). Suppose 5*c + 5*j - 115 = 0, -c - 2*j + h = j. Suppose 0 = -0*g + 2*g - c. What is the tens digit of g?
1
Let c be (-2)/(-6) + (-332)/(-12). Let f = c - 19. What is the units digit of f?
9
Let u(f) = f**2 + 1. What is the units digit of u(-2)?
5
Let v(f) be the third derivative of -f**4/24 + 5*f**3/6 + 2*f**2. Let y be v(4). What is the units digit of ((-24)/9)/(y/(-3))?
8
Let p(u) = -3*u - 8. Suppose 2*l - 7*m = -3*m - 66, 0 = -l + 5*m - 42. Let q be 8/(-6)*l/(-6). What is the units digit of p(q)?
0
What is the tens digit of 1*(2 + 224 - 21/7)?
2
Let o = 19 + -16. What is the units digit of o?
3
Let p be 3 + 1 + -3 + -4. What is the units digit of 3/6 - p/2?
2
Suppose a - 3 = 2*o, -4*o - 12 = -o - 4*a. Suppose o*i + 35 = 5*i. What is the units digit of i?
7
Suppose 7*b - 2*b = -25, -5*t - b + 70 = 0. What is the tens digit of t?
1
Suppose 6 = -3*a - 3*y, -a - 3*y - 18 = -2*a. Suppose -a*x = 3 - 0, -x - 7 = -3*b. What is the units digit of b?
2
Suppose v = -2*v + 21. Suppose v*y + 36 = 9*y. What is the tens digit of y?
1
Let r(u) = -u**3 - 8*u**2 - 7*u + 4. What is the units digit of r(-7)?
4
Suppose -d + 1 = -2. Let w(u) = u**3 - 4*u**2 + 5*u - 3. Let f be w(d). Suppose -2*q + 3 = -f. What is the units digit of q?
3
Suppose -5*y - a + 166 = 0, 0*a = -y - 4*a + 18. What is the units digit of y?
4
Let r(g) = -23*g + 1. Let h be (6/18)/(2/6). Let o be r(h). What is the units digit of 10/55 + (-238)/o?
1
Let y be (-3)/1 - (3 + -5). Let h be (-4)/4 - (-1 - y). What is the units digit of 4/(-2)*h + 4?
6
Suppose 0 = -2*u - 0*u + 4. What is the tens digit of (55/u)/((-2)/(-4))?
5
Suppose -a - 2*y - 3*y + 11 = 0, -5 = y. What is the units digit of a?
6
Suppose 0 = -4*f + 23 + 29. Let n be f - 1/2*6. What is the units digit of (-39)/(-15) - (-4)/n?
3
Suppose -5*y + y - 4 = 0. What is the tens digit of 34/4*(1 - y)?
1
Suppose -2 = r - 4. Let q(w) = w**2 + 2*w - 2. Let i be q(r). Suppose 0 = 4*m - 5*b - 21, 0*m = m - b - i. What is the units digit of m?
9
Let q = -3 + 1. What is the units digit of (-1 - 1)*2/q?
2
Let s(z) = z**3 - z**2 + z + 16. Let d(l) = -l**3 + 7*l**2 + 10*l - 11. Let y be d(8). Suppose -g = -y*g. What is the tens digit of s(g)?
1
Suppose -3*v - 5*d + 346 = 0, -4*v - 5*d = -4*d - 450. What is the tens digit of v?
1
Suppose a - 3*s - 5 - 3 = 0, 2*a + 4*s = 56. Let l be (-15)/a + 3/4. Suppose l = 2*r + 4 - 20. What is the units digit of r?
8
Suppose -2*h + 4*i + 136 = 5*i, -3*i - 195 = -3*h. What is the tens digit of h?
6
Suppose 15 = 3*f + 3. Let z = f - 2. What is the units digit of (3 - z)/(-2 + 3)?
1
Let k = 6 - 8. Let h = k - 8. Let a = 21 + h. What is the tens digit of a?
1
Let x(h) = 5 + 0*h**2 + 4*h**2 + 3*h - 5 + 1. What is the units digit of x(-2)?
1
Suppose 2*c = 5 + 23. What is the units digit of (-2)/3 - c/(-3)?
4
Suppose 10 = -f + 76. Suppose -f = -j - 2*j. Suppose 2*y - 5*g = j, -11 = -4*y + 5*g + 13. What is the units digit of y?
1
Suppose 0 = 3*j - 4*q - 12, 0 = j + q + 3*q - 4. What is the tens digit of 1/(j*(-1)/(-108))?
2
Let y(t) = -6*t + 8 - 3 + 0*t**2 - t**2. Let c be y(-6). Suppose 0 = -4*j + 2*h + 24, c*h + 0*h + 20 = 5*j. What is the units digit of j?
8
Let f = 178 - 73. What is the units digit of f?
5
Let c = -5 + 8. Suppose 0*a + c = a. What is the units digit of a?
3
Suppose h = -4, w - 3*h - 70 + 25 = 0. What is the tens digit of w?
3
Let s = -1 + -1. Let a be ((-10)/(-6))/(1/(-3)). Let d = s - a. What is the units digit of d?
3
Suppose 16*p = 12*p + 84. Let m = p - 13. What is the units digit of m?
8
Suppose 3*u + 5*i = -1596, 0 = 2*u - 0*u - i + 1064. What is the tens digit of (2/(-4))/(7/u)?
3
Let t be 66/(-2) + (-20)/10. Let o = 69 + t. What is the tens digit of o?
3
Let w be (-26)/(-5) + (-4)/20. Suppose -3*a = 2*v - 5*a - 2, -w*v = 4*a - 14. What is the units digit of v?
2
Suppose 0*x - 2*x + 6 = 0. Let d = x + -2. Let b = 8 - d. What is the units digit of b?
7
Let r(q) = 2 - 3 - 4*q + 6*q. What is the tens digit of r(6)?
1
Suppose 4*y = d - 12, 3*d = 2*y - 3 + 9. Suppose -5*w + 75 = -d. What is the tens digit of w?
1
Let c be (2/(-4))/((-2)/48). Let s be (3 - 0)/(0 - -1). Suppose p = -3*a - s*p + 23, -2*a = p - c. What is the units digit of a?
5
Let t(j) = -j**3 - 15*j**2 + 13*j - 8. What is the tens digit of t(-16)?
4
Let n(b) be the second derivative of -b**5/20 + b**4/12 + 5*b**3/6 - 3*b**2/2 - 9*b. What is the units digit of n(-3)?
8
Let u be 3 - -7*(1 + 5). Suppose c = r + 15, 5*r = c + 2*c - u. What is the tens digit of c?
1
Suppose -4*c = -8*c + 12. Suppose c*k = 6*k. Suppose f - 9 - 6 = k. What is the units digit of f?
5
Let a be (1/3)/((-1)/3). Let f = a - -11. What is the tens digit of ((-3)/1)/((-3)/f)?
1
Let w(h) = 6*h**3 + 2*h**2 - 1. Let k be w(1). Let f(z) = -z**2 + 9*z - 9. What is the units digit of f(k)?
5
What is the units digit of (-6)/(-2) - (1 - 101)?
3
Suppose -3*y = -7*y - 5*j + 59, -4*y + 29 = -5*j. Let g be y/(-3) - 6/(-9). Let m = -1 - g. What is the units digit of m?
2
Let f(n) be the third derivative of -n**4/12 - 2*n**3/3 - 3*n**2. What is the units digit of f(-5)?
6
Let z(a) = 1. Let g(k) = -k**2 + 9. Let y(d) = -g(d) + 6*z(d). Let m = 10 - 6. What is the units digit of y(m)?
3
Suppose 0 = b + 4*z - 8, -2*z + 1 = b - 3. What is the units digit of b - (11 + -2)*-1?
9
Let h be 7/(-14) + 26/4. Let b be 0 - 24/(-3)*h. Suppose -5*y - 13 = -b. Wh